r(a) = -34*a - 50 - 26*a + 10*a - 6. What are the prime factors of r(-5)?
2, 97
Let u = 487 - 427. Suppose u*q - 693 = 51*q. List the prime factors of q.
7, 11
Let f(m) = -11*m - 4. Let d(q) = 3 - 2 - 2 - 2*q. Let u be d(4). List the prime factors of f(u).
5, 19
Suppose -y + 2 = 0, 3*h - 45 + 1 = 2*y. Suppose -605 = -2*q - 5*g, 11*g = h*g + 5. List the prime factors of q.
5, 61
Let v = 41 - 37. Suppose 4*y - 3*y = -1, -44 = -4*l - v*y. Suppose -266 = -2*m - l. List the prime factors of m.
127
Suppose 4511341 = 162*q - 6730973. List the prime factors of q.
29, 2393
Suppose 0 = 4*o - 144 + 72. Let k(z) = -z**3 + 19*z**2 + 10*z + 41. What are the prime factors of k(o)?
5, 109
Let i = 14575 - 7920. What are the prime factors of i?
5, 11
Let m(v) = 4*v + 291. Let w(u) = u**2 - 12*u + 19. Let l be w(11). Let j be (-2)/l*2*(-20 - -20). What are the prime factors of m(j)?
3, 97
Let y(a) = -a**3 + 25*a**2 - 64*a - 40. Let w be y(22). Suppose -q = 5*n - 808, 0*n = w*q - 3*n - 3232. List the prime factors of q.
2, 101
Let r(x) = -16*x + 0*x + 5*x + 50. What are the prime factors of r(-6)?
2, 29
Let m(i) = 44*i**2 + 51*i - 392. List the prime factors of m(23).
3, 11
Let z = 55 + -55. Suppose -5*g + 422 = -2*g - m, 4*g + 3*m - 554 = z. What are the prime factors of g?
2, 5, 7
Let h be (-42)/10 - 1/(-5). Let m(r) be the first derivative of -10*r**2 + 2*r - 852. List the prime factors of m(h).
2, 41
Suppose -2*v + 10 = 0, -5*r + 0*v - 3*v = -330. Suppose 0 = 3*i + r + 54. Let c = 69 + i. List the prime factors of c.
2, 3, 5
Let x = -40 - -41. Suppose -4*t + 24 = -5*u, -5*t - u + 0*u + x = 0. What are the prime factors of 26/(-91) - (t + 65/(-7))?
2
Let p be -3 - (-63)/(-14)*312. Let g = -789 - p. What are the prime factors of g?
2, 3, 103
Suppose w + 1580 = 2*z, -4*w = -3*z - 2*w + 2370. Let c be 6 + 3 + -6 + 3. Suppose -z = -c*s + 854. List the prime factors of s.
2, 137
Let i = -248 - -4790. List the prime factors of i.
2, 3, 757
Let z(w) = -8 + 3*w + 0 - 3. Let x be z(7). Let u(j) = j**3 - 10*j**2 + 5*j + 6. What are the prime factors of u(x)?
2, 7
What are the prime factors of (122703/12)/(-7)*-8?
2, 5843
Let v(n) = 104*n**2 + 8*n - 13. Let i be 10/(-15) + (-16)/(-6). What are the prime factors of v(i)?
419
Let c(b) be the first derivative of 28*b**3/3 + b**2 + 2*b + 364. Let o = 3 + -4. What are the prime factors of c(o)?
2, 7
Let s = 163 + -152. Suppose 0 = -3*x - s + 290. List the prime factors of x.
3, 31
Suppose -22818 = -26*d + 899116 + 80574. List the prime factors of d.
2, 13, 1483
Let y(w) = 27*w - 77. Suppose -620*s = -622*s + 78. What are the prime factors of y(s)?
2, 61
Let b(w) = 4*w - 1. Let u be (4/(-8))/(2/(-4)). Let s be b(u). Suppose n + s*n = 280. What are the prime factors of n?
2, 5, 7
Suppose -1265 + 3357 = j. List the prime factors of j.
2, 523
Let r = 351 + -238. Let t(u) = 2*u**3 - 71*u**2 - 45*u + 221. Let v be t(36). Let l = v + r. What are the prime factors of l?
2, 5
Let o(w) = -5*w**3 - 91*w**2 + 113*w - 14. What are the prime factors of o(-25)?
3, 17, 19
Let n = 123 - 120. Suppose 2*x - 47 = -n*u, -2*x - 2*u = 3*x - 101. What are the prime factors of x?
19
Let r(o) = -3*o**3 + 6*o**2 - 8*o - 70. List the prime factors of r(-23).
3, 4421
Suppose 3*u + 3*m - 17 = 1, -5*u = -m - 6. Suppose 0 = -v - v - 5*o + 477, -u*o = -4*v + 918. What are the prime factors of v?
3, 7, 11
Let w = -16975 - -40654. List the prime factors of w.
3, 877
Suppose 3*f = -2*b + 11, -1 = b - 12*f + 7*f. Suppose 0 = 2*y - 4*u - 1264, -3*y + 0*u + 1904 = -b*u. List the prime factors of y.
2, 5
Let k = -657 + 659. List the prime factors of -29 - -25 - (-3 - 2501)/k.
2, 3, 13
Let b(j) = -j**3 - 10*j**2 - 27*j - 38. Let y be b(-8). Suppose 3*s - 6 + 28 = 2*l, -4*s + y = 2*l. List the prime factors of l.
17
Let y(s) = -677*s**3 - 4*s**2 - 32*s - 62. List the prime factors of y(-2).
2, 37, 73
Suppose 5*m - 154293 = c - 9*c, -4*m = -4*c - 123476. List the prime factors of m.
5, 6173
Let l(x) = x**2 - 3*x - 19. Let y be l(-6). Suppose -y*h = -9*h - 5902. What are the prime factors of h?
227
Suppose 4*k = -4*u + 23472, 120*k = 124*k - 20. What are the prime factors of u?
11, 13, 41
Let y = 223 + -219. Suppose -21*f = -y*f - 9027. What are the prime factors of f?
3, 59
Let z(l) = -l**2 - 29*l + 143. Let p be z(32). What are the prime factors of (p/(-12))/1 + (-18)/(-72)?
151
Let q = 8802 + 871. List the prime factors of q.
17, 569
Let g(k) = 474*k - 1119. What are the prime factors of g(6)?
3, 5, 23
Let n = -73295 - -117448. What are the prime factors of n?
67, 659
Suppose 2*d - 11064 = -2*j, j - 200*d = -197*d + 5548. What are the prime factors of j?
2, 173
Suppose -6*r + 3*i + 121 = -5*r, -4*r + 552 = 5*i. Suppose -r - 84 = -4*a + k, -159 = -3*a - 3*k. List the prime factors of a.
2, 3
Let y be ((-4)/8)/(5/20) - -1. Let b be 0 + y + (-1 - -467). List the prime factors of (1 + -11)*b/(-30).
5, 31
Let u(h) = -7*h**3 - 3*h**2 + 6*h + 7. Let p be u(-3). Suppose q + p = -5*b, -b + 47 = -2*b + 4*q. Let l = b - -50. What are the prime factors of l?
19
Let d(w) = 5*w + 29. Let j be d(-6). Let n be (1*102/(-8))/(j/20). Suppose n = 4*v - 153. List the prime factors of v.
2, 3, 17
Suppose 3*v - 5*w - 10483 = 26603, -2*w + 12 = 0. List the prime factors of v.
2, 3, 1031
Suppose 233*t + 10434424 = 415*t. List the prime factors of t.
2, 11, 1303
Suppose 194820 = 246*q - 212*q. What are the prime factors of q?
2, 3, 5, 191
Suppose 4*o - 8 = 0, d + 24*o - 62207 = 23*o. What are the prime factors of d?
3, 5, 11, 13, 29
Let p = 20 - 15. Suppose -77 = 5*f + 5*n - n, p*f + 2*n = -71. Let t = f + 61. List the prime factors of t.
2, 3
Suppose 23*b + 32932 = 2*m + 28*b, b + 49364 = 3*m. What are the prime factors of m?
2, 11, 17
Suppose 0 = -5*y + 50 - 15. Suppose -5*u + y*u = 1096. Suppose -5*c + u = 143. List the prime factors of c.
3
Let r = -937 + 1316. Suppose 2*b = -2*v + 3*b + r, -2*b = 2*v - 394. What are the prime factors of v?
2, 3
Suppose 33*j - 154213 - 212516 = 0. What are the prime factors of j?
11113
List the prime factors of (-57)/36*-41397 - ((-735)/(-60) + -13).
2, 13, 2521
Suppose 3*g = -s + 10, -3*s - s + 33 = 5*g. Suppose -11*a + 12 = -s*a. Suppose 5*o + 13 = n + 1, 3*n = a*o + 12. List the prime factors of n.
2
Let o(c) = 23*c**2 - 2*c - 1. Suppose -5*w + 2*l + 20 = 0, 2*l = -3*w + 3*l + 11. Let r be o(w). Let s = r + -78. What are the prime factors of s?
3
Let l = -243 - -424. Suppose -l = -c - 50. Let v = c + 4. What are the prime factors of v?
3, 5
Suppose 4*p + 12 = 0, 8236 = 3*a - p - 34961. What are the prime factors of a?
2, 23, 313
Suppose 102*c - 8 = 98*c. Suppose -15*o + 13*o = c*f - 932, 4*o - f = 1844. List the prime factors of o.
2, 3, 7, 11
Suppose 2*g - 4*f + 126 = 0, 5*g + 426 = f + 120. Let c = g + 64. Suppose -2*t + c*x + 178 = 0, x = -2*x + 12. What are the prime factors of t?
5, 19
Let z(r) be the second derivative of 0 - r - 14/3*r**3 - 22*r**2. What are the prime factors of z(-11)?
2, 3, 11
Let m(j) = -6763*j + 6767*j - j**2 - 5*j**3 + 4*j**3 - 8 - 2*j**2. Let s = -8 + 2. List the prime factors of m(s).
2, 19
Let b be (-14 - -10 - 2/(-1)) + -1. Let q be ((-15)/10 - b)*22. Suppose 2*n = 39 - q. List the prime factors of n.
3
Let n = 17183 - 9529. List the prime factors of n.
2, 43, 89
Suppose 5 = 2*s - 1. Suppose 4*b - 9*g + 7*g = 3922, -s*g + 1957 = 2*b. List the prime factors of b.
2, 5, 7
Suppose -586733 - 851875 = -86*u. List the prime factors of u.
2, 3, 17, 41
Let j = -157 - -159. Suppose j*n - 1772 = -2*n + 3*y, 0 = -5*n - 4*y + 2246. List the prime factors of n.
2, 223
Let c = 180 - 169. Suppose 2424 = c*r - 1261. List the prime factors of r.
5, 67
Suppose 0 = 16*l - 274376 - 114888. List the prime factors of l.
24329
Let y be -1*(-401 + 1) - -1. Let q(j) = -2*j**2 - 108*j + 53. Let a be q(-53). Suppose b + a = 3*o - 236, -4*b - y = -3*o. List the prime factors of o.
131
Let j(x) = -126*x**3 - 25*x**2 + 87*x + 625. What are the prime factors of j(-7)?
3, 11, 19, 67
Suppose 0*j - 5*y + 6349 = 3*j, -10603 = -5*j - 3*y. Let l = j - 1465. List the prime factors of l.
2, 7, 47
Let k be ((-16)/20)/(6/(-240)). List the prime factors of (-34 + k)/((-2)/334 - 0).
2, 167
Suppose -12 = -2*b - 3*r, b - 1 = -r + 2*r. Suppose -4*k + 91 = b*k.